ighest common factor of 3456 and 12928?
128
Calculate the highest common divisor of 273 and 9450.
21
Calculate the highest common divisor of 327 and 7957.
109
What is the highest common factor of 2301354 and 462?
66
What is the highest common factor of 13520 and 11080?
40
Calculate the greatest common factor of 2033353 and 98.
49
Calculate the greatest common factor of 438445 and 35.
35
Calculate the greatest common divisor of 34970 and 4030.
130
What is the greatest common divisor of 8 and 620584?
8
Calculate the highest common divisor of 104942 and 274.
274
What is the greatest common factor of 18 and 3778?
2
Calculate the highest common factor of 228 and 16701.
57
What is the greatest common factor of 71232 and 504?
168
Calculate the highest common factor of 50 and 1924.
2
Calculate the highest common divisor of 1080 and 4007880.
1080
Calculate the greatest common factor of 9483 and 522.
87
What is the greatest common factor of 34 and 898?
2
What is the greatest common factor of 297 and 29931?
33
What is the greatest common divisor of 30 and 272892?
6
What is the highest common factor of 78660 and 6372?
36
What is the greatest common divisor of 652 and 93562?
326
What is the highest common factor of 308 and 22924?
44
What is the greatest common factor of 55390 and 1450?
290
Calculate the greatest common factor of 91548 and 468.
36
What is the greatest common divisor of 114 and 543?
3
What is the highest common factor of 2337494 and 137?
137
What is the highest common factor of 47 and 26743?
47
What is the highest common factor of 42 and 37184?
14
What is the highest common factor of 62 and 101029?
31
What is the highest common factor of 78391 and 1385?
277
What is the highest common divisor of 6874 and 756?
14
What is the greatest common factor of 5569 and 31?
1
What is the greatest common divisor of 67 and 152023?
67
Calculate the greatest common factor of 24 and 5763.
3
What is the highest common divisor of 63 and 63126?
63
Calculate the highest common factor of 17411 and 184.
23
Calculate the greatest common divisor of 6531 and 2583.
21
Calculate the highest common factor of 28 and 13214404.
28
What is the highest common factor of 9261 and 918?
27
What is the highest common factor of 2415763 and 7?
7
What is the highest common divisor of 5162990 and 350?
70
What is the greatest common factor of 57702 and 6?
6
What is the highest common divisor of 1107690 and 60?
30
Calculate the highest common divisor of 22 and 9746.
22
What is the greatest common factor of 69547 and 272?
17
Calculate the greatest common divisor of 198696 and 15504.
408
Calculate the greatest common divisor of 3984 and 480.
48
Calculate the greatest common divisor of 184112 and 32.
16
What is the highest common divisor of 47 and 555869?
47
Calculate the greatest common divisor of 8264 and 1912.
8
Calculate the greatest common divisor of 4790 and 2062574.
958
Calculate the highest common divisor of 68175 and 675.
675
Calculate the highest common divisor of 710 and 4045.
5
What is the greatest common divisor of 14570 and 59210?
310
Calculate the highest common factor of 87894 and 954.
18
Calculate the greatest common divisor of 69336 and 9720.
648
Calculate the greatest common factor of 46624 and 48.
16
What is the greatest common divisor of 10590 and 390?
30
Calculate the highest common divisor of 501296 and 340.
68
Calculate the greatest common divisor of 2565 and 30.
15
Calculate the highest common factor of 36 and 90738.
18
Calculate the highest common divisor of 131406 and 1810.
362
Calculate the greatest common factor of 1023 and 43431.
93
Calculate the greatest common factor of 8355771 and 149.
149
Calculate the highest common divisor of 71344 and 5616.
208
What is the highest common divisor of 496 and 28648?
8
What is the highest common factor of 1510 and 9670?
10
Calculate the greatest common factor of 38761 and 332.
83
Calculate the greatest common divisor of 155730 and 40.
10
What is the greatest common factor of 1647 and 1728?
27
Calculate the highest common divisor of 143874 and 342.
18
Calculate the greatest common divisor of 6279 and 819.
273
Calculate the highest common divisor of 17 and 226236.
17
What is the highest common factor of 9307 and 41?
41
What is the greatest common factor of 12 and 94408?
4
Calculate the highest common divisor of 1439620 and 91.
91
Calculate the greatest common divisor of 262175 and 175.
25
What is the highest common divisor of 370453 and 61?
61
What is the highest common divisor of 162 and 130383?
27
Calculate the highest common divisor of 8549 and 1.
1
What is the greatest common factor of 44448 and 42?
6
What is the greatest common factor of 32769 and 3?
3
Calculate the highest common factor of 2590 and 5810.
70
Calculate the greatest common divisor of 94 and 211829.
47
What is the highest common divisor of 289 and 272?
17
Calculate the greatest common divisor of 9523 and 3959.
107
Calculate the greatest common divisor of 518 and 1258.
74
Calculate the greatest common factor of 404 and 699728.
404
What is the greatest common divisor of 3174 and 138?
138
Calculate the highest common divisor of 105 and 3855.
15
Calculate the greatest common factor of 4131 and 17.
17
What is the highest common factor of 307575 and 1125?
225
What is the highest common factor of 27648 and 3024?
432
Calculate the highest common factor of 128202 and 1104.
138
Calculate the highest common factor of 497 and 15123.
71
What is the highest common divisor of 658 and 29892?
94
What is the greatest common factor of 1408 and 16384?
128
What is the highest common factor of 6075 and 42975?
225
Calculate the greatest common factor of 763 and 1418417.
763
Calculate the greatest common divisor of 24 and 11028.
12
Calculate the greatest common divisor of 1123 and 332408.
1123
Calculate the greatest common divisor of 30194 and 997376.
974
Calculate the highest common divisor of 322218 and 204.
102
What is the highest common divisor of 560 and 7588?
28
What is the highest common divisor of 4290 and 4992?
78
What is the greatest common factor of 1605 and 1695?
15
What is the highest common factor of 265 and 201665?
265
What is the greatest common divisor of 46759 and 1070?
107
Calculate the greatest common factor of 661540 and 1164.
388
What is the greatest common factor of 1067781 and 143?
143
Calculate the greatest common factor of 16731 and 7943.
169
Calculate the greatest common factor of 1136 and 620398.
142
What is the greatest common divisor of 255 and 251115?
15
Calculate the highest common factor of 7940 and 20.
20
Calculate the greatest common divisor of 194 and 12850.
2
Calculate the highest common divisor of 105 and 61035.
15
Calculate the highest common factor of 21620 and 805.
115
What is the greatest common divisor of 10088 and 325?
13
What is the greatest common factor of 93996 and 504?
252
What is the highest common factor of 82860 and 1140?
60
Calculate the highest common divisor of 30664 and 72.
8
What is the greatest common divisor of 331 and 65869?
331
Calculate the highest common factor of 344 and 34099.
43
What is the highest common divisor of 23778 and 126?
18
Calculate the highest common divisor of 20 and 32100.
20
Calculate the greatest common divisor of 3810 and 172974.
762
What is the highest common factor of 1860 and 172?
4
Calculate the highest common divisor of 686802 and 18.
6
Calculate the greatest common divisor of 14 and 2259236.
14
What is the highest common factor of 23 and 4140?
23
Calculate the highest common divisor of 1078 and 3850.
154
Calculate the highest common factor of 2307 and 21.
3
What is the greatest common divisor of 3821841 and 1332?
333
Calculate the greatest common divisor of 5 and 663305.
5
Calculate the highest common divisor of 5184 and 10116.
36
What is the highest common divisor of 25844 and 1491?
497
What is the highest common factor of 6200 and 175?
25
What is the highest common factor of 7839 and 166491?
117
What is the greatest common factor of 79228 and 4756?
116
What is the highest common factor of 1142 and 16?
2
Calculate the greatest common factor of 856 and 221918.
214
What is the highest common divisor of 49805 and 3815?
35
What is the highest common divisor of 627960 and 120?
120
What is the